s 24503 prime?
False
Is 6521 prime?
True
Is 59759 composite?
True
Is 159893 composite?
True
Is 119203 a prime number?
False
Is 373753 a composite number?
False
Is 39929 composite?
False
Is 14813 a composite number?
False
Is 18773 a prime number?
True
Is 169459 prime?
False
Is 85411 a composite number?
False
Is 22807 composite?
False
Is 218923 a prime number?
True
Is 54059 a prime number?
True
Is 202121 a prime number?
True
Is 10771 composite?
False
Is 39554 composite?
True
Is 1067159 a composite number?
False
Is 3349 prime?
False
Is 650609 prime?
True
Is 21001 a prime number?
True
Is 392957 prime?
True
Is 33107 a prime number?
True
Is 52357 a composite number?
True
Is 5519 prime?
True
Is 94201 a composite number?
False
Is 347 a prime number?
True
Is 64427 a composite number?
True
Is 80021 a prime number?
True
Is 154523 composite?
False
Is 203531 a composite number?
False
Is 9617 a composite number?
True
Is 2831 prime?
False
Is 213067 a prime number?
True
Is 8149 composite?
True
Is 145309 a prime number?
False
Is 5471 a composite number?
False
Is 240169 composite?
False
Is 9179 prime?
False
Is 29663 a composite number?
False
Is 62045 prime?
False
Is 172762 composite?
True
Is 3553997 composite?
False
Is 14143 prime?
True
Is 2749 a prime number?
True
Is 66719 a composite number?
True
Is 10405 a prime number?
False
Is 4751 composite?
False
Is 276079 a composite number?
False
Is 18119 a prime number?
True
Is 132843 composite?
True
Is 715291 a composite number?
True
Is 2159 composite?
True
Is 4369 composite?
True
Is 3109 a composite number?
False
Is 312877 composite?
True
Is 77755 a prime number?
False
Is 157717 prime?
False
Is 2963 a prime number?
True
Is 5911 prime?
False
Is 96833 prime?
False
Is 15734 a prime number?
False
Is 23455 a composite number?
True
Is 155177 prime?
False
Is 11887 composite?
False
Is 65153 a prime number?
False
Is 963839 a composite number?
False
Is 166381 composite?
True
Is 99079 composite?
False
Is 830639 a composite number?
False
Is 806367 a composite number?
True
Is 42487 a composite number?
False
Is 3785 a composite number?
True
Is 11987 prime?
True
Is 11987 prime?
True
Is 6197 prime?
True
Is 169583 composite?
False
Is 47207 a prime number?
True
Is 100591 a composite number?
False
Is 1285 a prime number?
False
Is 2921 composite?
True
Is 477881 prime?
True
Is 91079 prime?
True
Is 141385 composite?
True
Is 2188909 composite?
False
Is 314877 a prime number?
False
Is 4987 prime?
True
Is 265657 a composite number?
True
Is 517 a prime number?
False
Is 337087 prime?
False
Is 4183 a prime number?
False
Is 16183 a composite number?
False
Is 8791 a composite number?
True
Is 9865 composite?
True
Is 115337 a prime number?
True
Is 31909 a composite number?
True
Is 9671 a composite number?
True
Is 37033 prime?
False
Is 262321 a composite number?
False
Is 26669 composite?
False
Is 21763 prime?
False
Is 319622 a composite number?
True
Is 845599 a composite number?
False
Is 1976021 composite?
True
Is 47791 a prime number?
True
Is 91255 prime?
False
Is 103289 a composite number?
False
Is 54689 prime?
False
Is 730882 a composite number?
True
Is 231169 prime?
True
Is 9895 a composite number?
True
Is 106103 prime?
True
Is 22121 prime?
False
Is 26623 composite?
True
Is 388307 a composite number?
True
Is 45361 a prime number?
True
Is 620129 prime?
False
Is 2265323 a prime number?
True
Is 7607 a composite number?
False
Is 68303 a composite number?
True
Is 68461 prime?
False
Is 579451 a prime number?
True
Is 98827 composite?
True
Is 20837 composite?
True
Is 15161 a composite number?
False
Is 2813 a prime number?
False
Is 412241 a prime number?
False
Is 4911 a prime number?
False
Is 265703 a composite number?
False
Is 324787 prime?
False
Is 146639 a prime number?
True
Is 1257261 a composite number?
True
Is 110521 prime?
False
Is 339187 a prime number?
True
Is 3007 a composite number?
True
Is 1735 a composite number?
True
Is 8097 a composite number?
True
Is 17707 a composite number?
False
Is 52489 a composite number?
False
Is 953 a composite number?
False
Is 146491 a composite number?
True
Is 1566431 a composite number?
True
Is 182417 composite?
False
Is 3649 composite?
True
Is 7103 composite?
False
Is 20249 composite?
False
Is 1725907 prime?
True
Is 357451 a composite number?
True
Is 237067 a composite number?
False
Is 63343 a composite number?
True
Is 86863 prime?
False
Is 1949 a prime number?
True
Is 180755 a composite number?
True
Is 3389 composite?
False
Is 49661 a composite number?
True
Is 9661 composite?
False
Is 153133 a prime number?
True
Is 232381 a prime number?
True
Is 2267 prime?
True
Is 37903 a composite number?
True
Is 14681 composite?
True
Is 328271 a prime number?
True
Is 248519 composite?
True
Is 74773 prime?
False
Is 3985 prime?
False
Is 47041 a composite number?
False
Is 151337 prime?
True
Is 105619 composite?
False
Is 81157 composite?
False
Is 93047 composite?
False
Is 16739 prime?
False
Is 15401 prime?
True
Is 728809 composite?
False
Is 5888053 a prime number?
True
Is 916813 a composite number?
True
Is 27091 composite?
False
Is 17471 a prime number?
True
Is 101627 composite?
False
Is 1660357 prime?
True
Is 1931 a composite number?
False
Is 27167 a prime number?
False
Is 199 composite?
False
Is 10261 composite?
True
Is 1317 prime?
False
Is 40613 prime?
False
Is 1127647 a prime number?
False
Is 177259 a composite number?
True
Is 2293649 prime?
True
Is 2053 composite?
False
Is 59921 prime?
True
Is 83333 a prime number?
False
Is 1335481 prime?
False
Is 93343 a composite number?
True
Is 9527 a prime number?
False
Is 290369 a composite number?
False
Is 1294711 a prime number?
False
Is 31909 a prime number?
False
Is 277003 a prime number?
True
Is 652021 a prime number?
False
Is 4897 a prime number?
False
Is 158113 a prime number?
True
Is 5141 composite?
True
Is 2077829 a prime number?
False
Is 1934 prime?
False
Is 15019 prime?
False
Is 54241 a prime number?
False
Is 26083 a prime number?
True
Is 13613 prime?
True
Is 70709 a prime number?
True
Is 70043 composite?
True
Is 1814 a composite number?
True
Is 7067 prime?
False
Is 222269 composite?
False
Is 162989 a composite number?
False
Is 268259 composite?
True
Is 28415 prime?
False
Is 3677 composite?
False
Is 571 composite?
False
Is 70937 a prime number?
True
Is 2179 composite?
False
Is 51031 prime?
True
Is 3293 composite?
True
Is 898723 a prime number?
False
Is 1974919 composite?
False
Is 4197 composite?
True
Is 199097 composite?
True
Is 581621 prime?
False
Is 5771 a composite number?
True
Is 619315 a composite number?
True
Is 371383 composite?
False
Is 12953 a composite number?
False
Is 343753 a prime number?
False
Is 8921 prime?
False
Is 52249 composite?
False
Is 49739 composite?
False
Is 505759 a composite number?
False
Is 115589 a prime number?
True
Is 9731 a composite number?
True
Is 781103 composite?
True
Is 8747 a composite number?
False
Is 11747 a prime number?
False
Is 258049 prime?
False
Is 82307 a prime number?
True
Is 1199257 a prime number?
True
Is 19739 prime?
True
Is 14197 composite?
False
Is 30017 prime?
False
Is 771997 composite?
False
Is 85067 composite?
True
Is 5059 a composite number?
False
Is 452443 a prime number?
True
Is 1940021 a prime number?
False
Is 151193 a prime number?
False
Is 30983 a prime number?
True
Is 738523 prime?
True
Is 264067 prime?
False
Is 670211 a prime number?
True
Is 48338 prime?
False
Is 671701 a prime number?
True
Is 5923 a composite number?
False
Is 33697 a composite number?
True
Is 2396281 composite?
True
Is 196886 composite?
True
Is 9259 a composite number?
True
Is 2923015 prime?
False
Is 21309 a composite number?
True
Is 13223 prime?
False
Is 552599 prime?
False
Is 40211 a prime number?
False
Is 7559 a prime number?
True
Is 93307 a composite number?
False
Is 5793 composite?
True
Is 2227 composite?
True
Is 12439 a composite number?
True
Is 1867 prime?
True
Is 105753 a prime number?
False
Is 167073 prime?
False
Is 453223 a composite number?
True
Is 1278869 a prime number?
False
Is 904441 a prime number?
True
Is 319409 a composite number?
True
Is 2095391 prime?
True
Is 5497 a prime number?
False
Is 991 composite?
False
Is 29357 a prime number?
False
Is 2003 a composite number?
False
Is 3328523 a prime number?
False
Is 59467 prime